inder when 51 is divided by 19?
13
Calculate the remainder when 341 is divided by 49.
47
What is the remainder when 2140 is divided by 304?
12
Calculate the remainder when 51 is divided by 13.
12
Calculate the remainder when 617 is divided by 13.
6
Calculate the remainder when 3311 is divided by 39.
35
Calculate the remainder when 107 is divided by 54.
53
Calculate the remainder when 474 is divided by 30.
24
Calculate the remainder when 131 is divided by 6.
5
What is the remainder when 31 is divided by 9?
4
What is the remainder when 2126 is divided by 4?
2
Calculate the remainder when 87 is divided by 42.
3
Calculate the remainder when 389 is divided by 15.
14
What is the remainder when 151 is divided by 78?
73
Calculate the remainder when 397 is divided by 25.
22
What is the remainder when 1788 is divided by 35?
3
What is the remainder when 746 is divided by 197?
155
Calculate the remainder when 183 is divided by 121.
62
What is the remainder when 5846 is divided by 124?
18
What is the remainder when 77 is divided by 42?
35
What is the remainder when 356 is divided by 56?
20
Calculate the remainder when 59 is divided by 20.
19
Calculate the remainder when 193 is divided by 116.
77
What is the remainder when 4461 is divided by 16?
13
What is the remainder when 3646 is divided by 76?
74
Calculate the remainder when 606 is divided by 12.
6
Calculate the remainder when 273 is divided by 94.
85
What is the remainder when 3485 is divided by 1157?
14
Calculate the remainder when 4 is divided by 1.
0
Calculate the remainder when 1022 is divided by 147.
140
What is the remainder when 219 is divided by 16?
11
What is the remainder when 826 is divided by 209?
199
What is the remainder when 625 is divided by 182?
79
Calculate the remainder when 777 is divided by 370.
37
Calculate the remainder when 373 is divided by 188.
185
Calculate the remainder when 152 is divided by 49.
5
What is the remainder when 2988 is divided by 27?
18
Calculate the remainder when 38 is divided by 12.
2
What is the remainder when 246 is divided by 120?
6
What is the remainder when 268 is divided by 23?
15
What is the remainder when 720 is divided by 142?
10
What is the remainder when 182 is divided by 67?
48
What is the remainder when 871 is divided by 208?
39
What is the remainder when 186 is divided by 17?
16
Calculate the remainder when 255 is divided by 37.
33
What is the remainder when 42556 is divided by 76?
72
Calculate the remainder when 935 is divided by 464.
7
What is the remainder when 45 is divided by 17?
11
Calculate the remainder when 493 is divided by 92.
33
Calculate the remainder when 6513 is divided by 18.
15
Calculate the remainder when 305 is divided by 18.
17
Calculate the remainder when 64 is divided by 28.
8
Calculate the remainder when 536 is divided by 58.
14
What is the remainder when 149 is divided by 10?
9
Calculate the remainder when 547 is divided by 35.
22
What is the remainder when 175 is divided by 94?
81
What is the remainder when 857 is divided by 17?
7
What is the remainder when 64 is divided by 61?
3
What is the remainder when 62 is divided by 29?
4
Calculate the remainder when 1385 is divided by 679.
27
Calculate the remainder when 192 is divided by 45.
12
Calculate the remainder when 184 is divided by 34.
14
Calculate the remainder when 12786 is divided by 9.
6
Calculate the remainder when 44 is divided by 7.
2
Calculate the remainder when 100 is divided by 27.
19
Calculate the remainder when 12475 is divided by 20.
15
Calculate the remainder when 129 is divided by 26.
25
Calculate the remainder when 317 is divided by 29.
27
What is the remainder when 123 is divided by 22?
13
Calculate the remainder when 220 is divided by 16.
12
Calculate the remainder when 198 is divided by 151.
47
Calculate the remainder when 972 is divided by 242.
4
Calculate the remainder when 1580 is divided by 13.
7
Calculate the remainder when 239 is divided by 15.
14
What is the remainder when 890 is divided by 296?
2
Calculate the remainder when 3028 is divided by 121.
3
Calculate the remainder when 98 is divided by 21.
14
Calculate the remainder when 691 is divided by 21.
19
What is the remainder when 208 is divided by 79?
50
Calculate the remainder when 1063 is divided by 15.
13
Calculate the remainder when 1142 is divided by 571.
0
What is the remainder when 28 is divided by 6?
4
Calculate the remainder when 2951 is divided by 2948.
3
What is the remainder when 181 is divided by 14?
13
What is the remainder when 256 is divided by 13?
9
What is the remainder when 1770 is divided by 161?
160
Calculate the remainder when 61316 is divided by 219.
215
What is the remainder when 530 is divided by 27?
17
What is the remainder when 965 is divided by 162?
155
Calculate the remainder when 943 is divided by 106.
95
What is the remainder when 40 is divided by 11?
7
What is the remainder when 87 is divided by 25?
12
Calculate the remainder when 270 is divided by 229.
41
Calculate the remainder when 7277 is divided by 70.
67
What is the remainder when 250 is divided by 14?
12
Calculate the remainder when 160 is divided by 80.
0
Calculate the remainder when 232 is divided by 39.
37
What is the remainder when 45 is divided by 12?
9
What is the remainder when 388 is divided by 15?
13
Calculate the remainder when 337 is divided by 14.
1
What is the remainder when 2353 is divided by 229?
63
Calculate the remainder when 12336 is divided by 34.
28
Calculate the remainder when 1951 is divided by 216.
7
Calculate the remainder when 2087 is divided by 10.
7
What is the remainder when 238 is divided by 27?
22
What is the remainder when 819 is divided by 409?
1
What is the remainder when 5761 is divided by 43?
42
Calculate the remainder when 247 is divided by 70.
37
What is the remainder when 225 is divided by 10?
5
What is the remainder when 179 is divided by 20?
19
Calculate the remainder when 156 is divided by 43.
27
What is the remainder when 37631 is divided by 12?
11
Calculate the remainder when 2841 is divided by 9.
6
What is the remainder when 55 is divided by 4?
3
Calculate the remainder when 1580 is divided by 6.
2
What is the remainder when 282 is divided by 22?
18
What is the remainder when 1681 is divided by 41?
0
Calculate the remainder when 300 is divided by 16.
12
Calculate the remainder when 377 is divided by 63.
62
Calculate the remainder when 124 is divided by 6.
4
Calculate the remainder when 1322 is divided by 284.
186
Calculate the remainder when 6118 is divided by 146.
132
Calculate the remainder when 262 is divided by 91.
80
Calculate the remainder when 1181 is divided by 108.
101
Calculate the remainder when 246 is divided by 77.
15
Calculate the remainder when 447 is divided by 18.
15
What is the remainder when 455 is divided by 23?
18
Calculate the remainder when 1097 is divided by 168.
89
Calculate the remainder when 2477 is divided by 73.
68
Calculate the remainder when 2389 is divided by 77.
2
What is the remainder when 1344 is divided by 112?
0
Calculate the remainder when 159 is divided by 12.
3
Calculate the remainder when 381 is divided by 163.
55
Calculate the remainder when 2827 is divided by 101.
100
Calculate the remainder when 131 is divided by 12.
11
What is the remainder when 261 is divided by 102?
57
Calculate the remainder when 7496 is divided by 147.
146
What is the remainder when 212 is divided by 71?
70
Calculate the remainder when 2140 is divided by 65.
60
What is the remainder when 5597 is divided by 56?
53
What is the remainder when 303 is divided by 68?
31
Calculate the remainder when 4073 is divided by 107.
7
What is the remainder when 347 is divided by 173?
1
Calculate the remainder when 2355 is divided by 124.
123
Calculate the remainder when 97 is divided by 13.
6
Calculate the remainder when 39 is divided by 12.
3
Calculate the remainder when 222 is divided by 13.
1
Calculate the remainder when 1279 is divided by 4.
3
Calculate the remainder when 115 is divided by 15.
10
Calculate the remainder when 65 is divided by 34.
31
Calculate the remainder when 15 is divided by 12.
3
Calculate the remainder when 260 is divided by 14.
8
Calculate the remainder when 466 is divided by 24.
10
Calculate the remainder when 65 is divided by 11